sor of 2 and l.
2
Suppose o = 3*r - o - 76, -5*o - 10 = 0. Calculate the highest common factor of r and 60.
12
Let d(v) = -v**3 - 10*v**2 + 11*v + 8. Let k be d(-11). Let y be (-32)/2*(-3)/2. Calculate the greatest common factor of k and y.
8
Suppose 0 = 4*f - 5*f + 22. What is the greatest common divisor of f and 55?
11
Let k be 52/24 + 2/(-12). Suppose -3*j + 2*g = -14, k*g + g = j + 7. What is the highest common factor of j and 20?
4
Suppose 0*v + 2*b + 1974 = 5*v, 4*b = 2*v - 780. Calculate the greatest common divisor of 36 and v.
36
Let y = 24 + -6. Let r = y - 13. What is the greatest common factor of 45 and r?
5
Let v = -2 - -4. Suppose 0 = v*s + 1 - 15. Calculate the greatest common factor of 63 and s.
7
Let x = -57 - -67. Calculate the greatest common divisor of 230 and x.
10
Suppose 72 = -4*i + 212. Suppose 5*f = i + 25. What is the highest common divisor of 6 and f?
6
Let z(l) = 8*l**2 + 5*l + 0*l**3 - 2 + l**3 - 7. Let x be z(-7). Suppose -x = -b + 3. What is the highest common divisor of b and 1?
1
Let l = 560 + -546. Suppose 2*w - 4*v + 0*v = 304, 0 = -5*w + 2*v + 768. What is the greatest common factor of w and l?
14
Let o(w) = 23*w**2 + 3*w - 2. Let i be o(1). Calculate the greatest common divisor of 3 and i.
3
Let u(o) = -3*o - 8. Let t be 93/(-12) + 4/(-16). Let b be u(t). Calculate the highest common factor of 40 and b.
8
Let p be 3 + 0 + 0 + 13. What is the greatest common divisor of 144 and p?
16
Let j = -5 + 7. Let k = j - -33. Let h = k + -19. What is the greatest common factor of 8 and h?
8
Let m be 22/8 - (-4)/16. Calculate the greatest common divisor of m and 12.
3
Let m = 192 + -96. Suppose -2*h - 2*h + m = 0. Suppose -a - 2*a = -9. What is the greatest common factor of a and h?
3
Let g be (-36)/(-30)*(-20)/(-6). Suppose g*r - 12 = -0. Suppose 0 = -r*l + 25 + 29. What is the highest common divisor of 90 and l?
18
Suppose 0 = 4*a - b + 670, a + 7*b - 2*b = -178. Let m(r) = -31*r - 8. Let x be m(-8). Let u = x + a. What is the greatest common divisor of u and 9?
9
Suppose 2*g = 3*h + 3*g - 23, -h + g + 13 = 0. Let w = -79 + 151. Calculate the highest common divisor of w and h.
9
Let j(z) = -z**3 + 4*z**2 + 5*z + 6. Let i be (10/25)/((-2)/(-30)). Let y = 11 - i. Let t be j(y). Calculate the greatest common factor of t and 9.
3
Let g(m) = 5*m**2 + 4*m - 3. Let b be g(-6). What is the greatest common factor of 17 and b?
17
Let t be 4/28 - (-459)/21. Calculate the highest common factor of t and 2.
2
Suppose 3*s + 2*s = 200. Let p = -28 + s. Calculate the highest common divisor of 60 and p.
12
Suppose 4*c + 5*k = -0*k + 1, 3*k = -5*c + 11. Suppose -3*f - 5*b + 97 = -172, -92 = -f - c*b. Calculate the greatest common divisor of f and 8.
8
Let r = 2 - 2. Suppose o - 2 = -r. Let g be (72/(-40))/(9/(-30)). What is the greatest common factor of o and g?
2
Suppose -2*s = -7*w + 2*w - 29, 0 = -3*s + 4*w + 26. Let x be ((-32)/s)/(-1 + 0). Let n = x - 9. What is the greatest common factor of 56 and n?
7
Let y(o) = -o**3 + 2*o**2 + 4*o + 3. Suppose -4*k + 9*k = -10. Let u be y(k). What is the greatest common divisor of 55 and u?
11
Let s be 0 - (3 + (-22)/2). Let u be (-102)/(-24) + (-2)/s. What is the greatest common factor of 44 and u?
4
Let j(r) = -r + 3. Let d be j(0). Suppose d*b - 20 - 1 = 0. Let x be b + (-2)/(-1) + -2. Calculate the highest common factor of x and 28.
7
Suppose h + 5*w - 22 = 0, 2*w - 10 = -0*h - h. Suppose -240 = -5*r + h*r. Calculate the greatest common divisor of r and 32.
16
Let u be 2/4*0/(-15). Let t be 216 + -1 + (u - -1). What is the greatest common factor of 27 and t?
27
Suppose -3*f = -0*f - 30. Let y be (-121)/(-4) - (-1)/(-4). Calculate the highest common factor of f and y.
10
Suppose -3*m = -0*m - 9, 5*m = 5*o - 30. Let n = 12 - -6. Calculate the highest common factor of n and o.
9
Let n(p) = 4*p**2 - p. Let j be n(-8). Let q = j - 138. Calculate the highest common divisor of 14 and q.
14
Suppose 11 = -2*o + 37. Let t(k) = -38*k + 1. Let r be t(-1). What is the greatest common divisor of o and r?
13
Let p = 31 - 21. Let u be 2/11 - 140/44. Let v be u - 39/3*-1. Calculate the highest common factor of v and p.
10
Suppose 6*w - 1197 = -w. Calculate the greatest common factor of 19 and w.
19
Let q(z) be the third derivative of z**5/60 + 14*z**3 - z**2. Let w be q(0). What is the greatest common factor of 12 and w?
12
Suppose t = -n + 23, 80 = 4*n - t + 2*t. Calculate the greatest common divisor of 209 and n.
19
Let k = -47 - -141. Let u be k - (-2)/(-1 + 2). Let d = 23 + -11. Calculate the highest common factor of u and d.
12
Suppose -36*o + 41*o - 350 = 0. Calculate the greatest common divisor of 7 and o.
7
Suppose -37*y + 108 = -28*y. Calculate the highest common divisor of 3 and y.
3
Let y(n) = 4*n. Let f be y(1). Let p be f/(-16) + (-5)/(-4). Calculate the greatest common divisor of p and 1.
1
Suppose 5*x + 38 = 2*p - 64, -x - p - 19 = 0. Let q = x + 28. What is the greatest common divisor of q and 16?
8
Let h(r) be the second derivative of -r**3/6 + 8*r**2 + 3*r. Let s be h(11). What is the greatest common factor of s and 1?
1
Let x be 3 + (0 - -13) + 0. Suppose 2*u = 1 + 1. Suppose 4*f + u - 33 = 0. Calculate the greatest common factor of f and x.
8
Let s(g) = g**3 - 4*g**2 + 4*g + 1. Let q be s(3). Suppose 5*x = -q*o + o + 79, 4*x - o = 53. What is the highest common factor of x and 14?
14
Suppose 0*n - 5*n + 50 = 0. Suppose -10 = c - 2*c. Let z be (7 - 4)/(6/c). What is the greatest common factor of z and n?
5
Suppose -3*p + s + 466 = 0, 0 = -3*p + s + 3*s + 478. What is the highest common factor of 14 and p?
14
Let v = 44 - -6. What is the highest common factor of v and 20?
10
Suppose 4*m + 0*m + 4*i = 124, -22 = -m - 4*i. Let w = m + 4. Calculate the highest common divisor of w and 19.
19
Let u(f) be the third derivative of f**4/8 - f**3/6 + 2*f**2. Let i be u(1). Suppose -50 = -0*y - i*y. Calculate the greatest common divisor of 5 and y.
5
Let c(u) = -21*u**2 - u - 2. Let b be c(-4). Let r = 474 + b. Suppose 4*w - r = -0*w. What is the highest common factor of w and 5?
5
Let f = 208 - 138. Calculate the highest common divisor of f and 28.
14
Let c = 49 + -46. What is the greatest common divisor of 33 and c?
3
Let d(j) = 8*j - j**3 - 2*j - 3*j**2 - j**2 + 7. Let x be d(-5). Suppose q - x*q = -2. Calculate the highest common factor of 2 and q.
2
Let i(q) = -144*q + 1. Let w be i(-1). Calculate the greatest common divisor of w and 58.
29
Suppose -5*q + 0*q = -105. Suppose -56 = -b - 7*b. What is the highest common factor of b and q?
7
Suppose -19 = -i - 2*p - p, 4*i - 5*p - 25 = 0. Calculate the highest common factor of i and 30.
10
Let m = -43 - -49. What is the highest common divisor of m and 4?
2
Suppose 4*w - 11 = -3. Suppose 0 = -w*n - 3 + 9. Let r be -2*22*6/(-8). Calculate the highest common factor of n and r.
3
Let y be -7 + (3 - 1 - 1). Let b be (3 + -1)*y/4. Let v be (-271)/b + (-1)/3. What is the highest common factor of 10 and v?
10
Let c = -39 - -65. Suppose 2*l - h - 37 = 4*h, -20 = 4*h. Suppose -l*z + 325 = -z. Calculate the highest common divisor of c and z.
13
Suppose -9*p = -2*p - 154. Calculate the greatest common factor of p and 55.
11
Suppose -w = y + 2, -3*y = -5*w - 0*y + 6. Let i be (-1)/((-2)/210 - w). What is the greatest common factor of i and 42?
21
Suppose -4*n - 263 - 133 = 0. Let b = -45 - n. What is the greatest common divisor of b and 6?
6
Suppose 2*c + 3*c = -250. Let t be (c/(-3))/(4/6). Suppose -2*s - 5 = -t. Calculate the highest common divisor of s and 90.
10
Let x = -645 - -909. Calculate the highest common factor of x and 24.
24
Let q = 7 + -5. Suppose 3*x = 2*s + 27, -2*s + 0*x = 2*x + 2. Let i be (0 + (-2)/s)*48. What is the greatest common divisor of i and q?
2
Suppose 4*s + 88 = 4*k + 3*s, -4*k + 88 = -5*s. What is the greatest common divisor of 33 and k?
11
Suppose 16*g = 15*g + 110. What is the greatest common factor of 22 and g?
22
Let x(l) = -l + 1. Let g be x(-9). Suppose -o + g + 20 = 0. What is the highest common factor of 10 and o?
10
Suppose -8 = -d - d. Let v be d/6 - (-154)/21. Let s = -5 + 13. What is the greatest common factor of v and s?
8
Let b be -1*(-5 - -10) + 70. Calculate the greatest common divisor of b and 13.
13
Let o be 8